{"id":114,"date":"2020-04-23T19:13:31","date_gmt":"2020-04-23T19:13:31","guid":{"rendered":"https:\/\/awg-dinslaken.de\/?page_id=114"},"modified":"2025-05-19T07:02:33","modified_gmt":"2025-05-19T07:02:33","slug":"personen","status":"publish","type":"page","link":"https:\/\/awg-dinslaken.de\/start\/personen","title":{"rendered":"Personen"},"content":{"rendered":"<div id='layer_slider_1'  class='avia-layerslider main_color avia-shadow  avia-builder-el-0  el_before_av_heading  avia-builder-el-first  container_wrap fullsize'  style='height: 161px; max-width: 1280px; margin: 0 auto;'  ><\/div><div id='after_layer_slider_1'  class='main_color av_default_container_wrap container_wrap fullsize'  ><div class='container av-section-cont-open' ><div class='template-page content  av-content-full alpha units'><div class='post-entry post-entry-type-page post-entry-114'><div class='entry-content-wrapper clearfix'>\n\n<style type=\"text\/css\" data-created_by=\"avia_inline_auto\" id=\"style-css-av-geepu-6957408b4756a6a8466fab482a65dbce\">\n#top .av-special-heading.av-geepu-6957408b4756a6a8466fab482a65dbce{\npadding-bottom:10px;\nfont-size:38px;\n}\nbody .av-special-heading.av-geepu-6957408b4756a6a8466fab482a65dbce .av-special-heading-tag .heading-char{\nfont-size:25px;\n}\n#top #wrap_all .av-special-heading.av-geepu-6957408b4756a6a8466fab482a65dbce .av-special-heading-tag{\nfont-size:38px;\n}\n.av-special-heading.av-geepu-6957408b4756a6a8466fab482a65dbce .av-subheading{\nfont-size:15px;\n}\n\n@media only screen and (min-width: 480px) and (max-width: 767px){ \n#top #wrap_all .av-special-heading.av-geepu-6957408b4756a6a8466fab482a65dbce .av-special-heading-tag{\nfont-size:0.8em;\n}\n}\n\n@media only screen and (max-width: 479px){ \n#top #wrap_all .av-special-heading.av-geepu-6957408b4756a6a8466fab482a65dbce .av-special-heading-tag{\nfont-size:0.8em;\n}\n}\n<\/style>\n<div  class='av-special-heading av-geepu-6957408b4756a6a8466fab482a65dbce av-special-heading-h3 blockquote modern-quote modern-centered  avia-builder-el-1  el_after_av_layerslider  el_before_av_hr  avia-builder-el-first  av-inherit-size'><h3 class='av-special-heading-tag '  itemprop=\"headline\"  >Vorstand<\/h3><div class=\"special-heading-border\"><div class=\"special-heading-inner-border\"><\/div><\/div><\/div>\n<div  class='hr av-k9fg5pvp-cc660600e746d5ec59cbbdff5319ae9e hr-default  avia-builder-el-2  el_after_av_heading  el_before_av_one_fourth '><span class='hr-inner '><span class=\"hr-inner-style\"><\/span><\/span><\/div>\n\n<style type=\"text\/css\" data-created_by=\"avia_inline_auto\" id=\"style-css-av-127cfm-5b60406b5faca57968381be66b4cb7ce\">\n.flex_column.av-127cfm-5b60406b5faca57968381be66b4cb7ce{\nborder-radius:0px 0px 0px 0px;\npadding:0px 0px 0px 0px;\n}\n<\/style>\n<div  class='flex_column av-127cfm-5b60406b5faca57968381be66b4cb7ce av_one_fourth  avia-builder-el-3  el_after_av_hr  el_before_av_one_fourth  first flex_column_div av-zero-column-padding  '     ><p>\n<style type=\"text\/css\" data-created_by=\"avia_inline_auto\" id=\"style-css-av-k9d8vtrg-4e8f0adbd3890f47812800647c45c6e1\">\n.avia-image-container.av-k9d8vtrg-4e8f0adbd3890f47812800647c45c6e1 img.avia_image{\nbox-shadow:none;\n}\n.avia-image-container.av-k9d8vtrg-4e8f0adbd3890f47812800647c45c6e1 .av-image-caption-overlay-center{\ncolor:#ffffff;\n}\n<\/style>\n<div  class='avia-image-container av-k9d8vtrg-4e8f0adbd3890f47812800647c45c6e1 av-styling- avia-align-center  avia-builder-el-4  el_before_av_textblock  avia-builder-el-first '   itemprop=\"image\" itemscope=\"itemscope\" itemtype=\"https:\/\/schema.org\/ImageObject\" ><div class=\"avia-image-container-inner\"><div class=\"avia-image-overlay-wrap\"><img decoding=\"async\" fetchpriority=\"high\" class='wp-image-1048 avia-img-lazy-loading-not-1048 avia_image ' src=\"https:\/\/awg-dinslaken.de\/wp-content\/uploads\/2024\/05\/Tuncel_Turhan-845x684.jpg\" alt='' title='Tuncel_Turhan'  height=\"684\" width=\"845\"  itemprop=\"thumbnailUrl\" srcset=\"https:\/\/awg-dinslaken.de\/wp-content\/uploads\/2024\/05\/Tuncel_Turhan-845x684.jpg 845w, https:\/\/awg-dinslaken.de\/wp-content\/uploads\/2024\/05\/Tuncel_Turhan-495x400.jpg 495w\" sizes=\"(max-width: 845px) 100vw, 845px\" \/><\/div><\/div><\/div><br \/>\n<section  class='av_textblock_section av-k9d8ydq9-48dffc0da64c4bc5f9e2b7a135abb8ba '   itemscope=\"itemscope\" itemtype=\"https:\/\/schema.org\/CreativeWork\" ><div class='avia_textblock'  itemprop=\"text\" ><h2><span style=\"color: #808000;\"><strong>Turhan Tuncel<\/strong><\/span><\/h2>\n<h3>Vorsitzender<\/h3>\n<\/div><\/section><\/p><\/div>\n\n<style type=\"text\/css\" data-created_by=\"avia_inline_auto\" id=\"style-css-av-wyjd6-d027d755af464e8eef84a186654cff12\">\n.flex_column.av-wyjd6-d027d755af464e8eef84a186654cff12{\nborder-radius:0px 0px 0px 0px;\npadding:0px 0px 0px 0px;\n}\n<\/style>\n<div  class='flex_column av-wyjd6-d027d755af464e8eef84a186654cff12 av_one_fourth  avia-builder-el-6  el_after_av_one_fourth  el_before_av_one_fourth  flex_column_div av-zero-column-padding  '     ><p>\n<style type=\"text\/css\" data-created_by=\"avia_inline_auto\" id=\"style-css-av-k9d8vtrg-11-049805121b3d7d0bd84746d0a4ae7aee\">\n.avia-image-container.av-k9d8vtrg-11-049805121b3d7d0bd84746d0a4ae7aee img.avia_image{\nbox-shadow:none;\n}\n.avia-image-container.av-k9d8vtrg-11-049805121b3d7d0bd84746d0a4ae7aee .av-image-caption-overlay-center{\ncolor:#ffffff;\n}\n<\/style>\n<div  class='avia-image-container av-k9d8vtrg-11-049805121b3d7d0bd84746d0a4ae7aee av-styling- avia-align-center  avia-builder-el-7  el_before_av_textblock  avia-builder-el-first '   itemprop=\"image\" itemscope=\"itemscope\" itemtype=\"https:\/\/schema.org\/ImageObject\" ><div class=\"avia-image-container-inner\"><div class=\"avia-image-overlay-wrap\"><img decoding=\"async\" fetchpriority=\"high\" class='wp-image-1254 avia-img-lazy-loading-not-1254 avia_image ' src=\"https:\/\/awg-dinslaken.de\/wp-content\/uploads\/2025\/05\/2-495x400.jpg\" alt='' title='2'  height=\"400\" width=\"495\"  itemprop=\"thumbnailUrl\" srcset=\"https:\/\/awg-dinslaken.de\/wp-content\/uploads\/2025\/05\/2-495x400.jpg 495w, https:\/\/awg-dinslaken.de\/wp-content\/uploads\/2025\/05\/2-845x684.jpg 845w\" sizes=\"(max-width: 495px) 100vw, 495px\" \/><\/div><\/div><\/div><br \/>\n<section  class='av_textblock_section av-k9d8ydq9-10-74f1c4ce6320e70fbbb3b6e02374b04d '   itemscope=\"itemscope\" itemtype=\"https:\/\/schema.org\/CreativeWork\" ><div class='avia_textblock'  itemprop=\"text\" ><h2><strong><span style=\"color: #808000;\">Ulrich Kemmerling<\/span><\/strong><\/h2>\n<h3>Stellv. Vorsitzender<\/h3>\n<\/div><\/section><\/p><\/div>\n\n<style type=\"text\/css\" data-created_by=\"avia_inline_auto\" id=\"style-css-av-4bdga-be292ba72b3d5bcd1c49258b55022fe5\">\n.flex_column.av-4bdga-be292ba72b3d5bcd1c49258b55022fe5{\nborder-radius:0px 0px 0px 0px;\npadding:0px 0px 0px 0px;\n}\n<\/style>\n<div  class='flex_column av-4bdga-be292ba72b3d5bcd1c49258b55022fe5 av_one_fourth  avia-builder-el-9  el_after_av_one_fourth  el_before_av_one_fourth  flex_column_div av-zero-column-padding  '     ><p>\n<style type=\"text\/css\" data-created_by=\"avia_inline_auto\" id=\"style-css-av-k9d8vtrg-9-f145369ce21c161d837ebda916b83eb7\">\n.avia-image-container.av-k9d8vtrg-9-f145369ce21c161d837ebda916b83eb7 img.avia_image{\nbox-shadow:none;\n}\n.avia-image-container.av-k9d8vtrg-9-f145369ce21c161d837ebda916b83eb7 .av-image-caption-overlay-center{\ncolor:#ffffff;\n}\n<\/style>\n<div  class='avia-image-container av-k9d8vtrg-9-f145369ce21c161d837ebda916b83eb7 av-styling- avia-align-center  avia-builder-el-10  el_before_av_textblock  avia-builder-el-first '   itemprop=\"image\" itemscope=\"itemscope\" itemtype=\"https:\/\/schema.org\/ImageObject\" ><div class=\"avia-image-container-inner\"><div class=\"avia-image-overlay-wrap\"><img decoding=\"async\" fetchpriority=\"high\" class='wp-image-1050 avia-img-lazy-loading-not-1050 avia_image ' src=\"https:\/\/awg-dinslaken.de\/wp-content\/uploads\/2024\/05\/Ugur_Remzi-845x684.jpg\" alt='' title='Ugur_Remzi'  height=\"684\" width=\"845\"  itemprop=\"thumbnailUrl\" srcset=\"https:\/\/awg-dinslaken.de\/wp-content\/uploads\/2024\/05\/Ugur_Remzi-845x684.jpg 845w, https:\/\/awg-dinslaken.de\/wp-content\/uploads\/2024\/05\/Ugur_Remzi-495x400.jpg 495w\" sizes=\"(max-width: 845px) 100vw, 845px\" \/><\/div><\/div><\/div><br \/>\n<section  class='av_textblock_section av-k9d8ydq9-8-c21aee13cbaf694a7dec464a324ab32d '   itemscope=\"itemscope\" itemtype=\"https:\/\/schema.org\/CreativeWork\" ><div class='avia_textblock'  itemprop=\"text\" ><h2><span style=\"color: #808000;\"><strong>Remzi Ugur<\/strong><\/span><\/h2>\n<h3>Kassierer<\/h3>\n<\/div><\/section><\/p><\/div>\n\n<style type=\"text\/css\" data-created_by=\"avia_inline_auto\" id=\"style-css-av-rptdu-fdc30f16c78cd1279e8e1f7c5f9becec\">\n.flex_column.av-rptdu-fdc30f16c78cd1279e8e1f7c5f9becec{\nborder-radius:0px 0px 0px 0px;\npadding:0px 0px 0px 0px;\n}\n<\/style>\n<div  class='flex_column av-rptdu-fdc30f16c78cd1279e8e1f7c5f9becec av_one_fourth  avia-builder-el-12  el_after_av_one_fourth  el_before_av_heading  flex_column_div av-zero-column-padding  '     ><p>\n<style type=\"text\/css\" data-created_by=\"avia_inline_auto\" id=\"style-css-av-k9d8vtrg-7-ef66d36a7c4b7227f497d27eb221263a\">\n.avia-image-container.av-k9d8vtrg-7-ef66d36a7c4b7227f497d27eb221263a img.avia_image{\nbox-shadow:none;\n}\n.avia-image-container.av-k9d8vtrg-7-ef66d36a7c4b7227f497d27eb221263a .av-image-caption-overlay-center{\ncolor:#ffffff;\n}\n<\/style>\n<div  class='avia-image-container av-k9d8vtrg-7-ef66d36a7c4b7227f497d27eb221263a av-styling- avia-align-center  avia-builder-el-13  el_before_av_textblock  avia-builder-el-first '   itemprop=\"image\" itemscope=\"itemscope\" itemtype=\"https:\/\/schema.org\/ImageObject\" ><div class=\"avia-image-container-inner\"><div class=\"avia-image-overlay-wrap\"><img decoding=\"async\" fetchpriority=\"high\" class='wp-image-1041 avia-img-lazy-loading-not-1041 avia_image ' src=\"https:\/\/awg-dinslaken.de\/wp-content\/uploads\/2024\/05\/Entes_Saban-845x684.jpg\" alt='' title='Entes_Saban'  height=\"684\" width=\"845\"  itemprop=\"thumbnailUrl\" srcset=\"https:\/\/awg-dinslaken.de\/wp-content\/uploads\/2024\/05\/Entes_Saban-845x684.jpg 845w, https:\/\/awg-dinslaken.de\/wp-content\/uploads\/2024\/05\/Entes_Saban-495x400.jpg 495w\" sizes=\"(max-width: 845px) 100vw, 845px\" \/><\/div><\/div><\/div><br \/>\n<section  class='av_textblock_section av-k9d8ydq9-6-250e67118d772262a7e674976c97fbed '   itemscope=\"itemscope\" itemtype=\"https:\/\/schema.org\/CreativeWork\" ><div class='avia_textblock'  itemprop=\"text\" ><h2><span style=\"color: #808000;\"><strong>Saban Entes<\/strong><\/span><\/h2>\n<h3>Schriftf\u00fchrer<\/h3>\n<\/div><\/section><\/p><\/div>\n\n<style type=\"text\/css\" data-created_by=\"avia_inline_auto\" id=\"style-css-av-6yr3e-316ee67dedf13b795af8c70b683acd90\">\n#top .av-special-heading.av-6yr3e-316ee67dedf13b795af8c70b683acd90{\npadding-bottom:10px;\nfont-size:38px;\n}\nbody .av-special-heading.av-6yr3e-316ee67dedf13b795af8c70b683acd90 .av-special-heading-tag .heading-char{\nfont-size:25px;\n}\n#top #wrap_all .av-special-heading.av-6yr3e-316ee67dedf13b795af8c70b683acd90 .av-special-heading-tag{\nfont-size:38px;\n}\n.av-special-heading.av-6yr3e-316ee67dedf13b795af8c70b683acd90 .av-subheading{\nfont-size:15px;\n}\n\n@media only screen and (min-width: 480px) and (max-width: 767px){ \n#top #wrap_all .av-special-heading.av-6yr3e-316ee67dedf13b795af8c70b683acd90 .av-special-heading-tag{\nfont-size:0.8em;\n}\n}\n\n@media only screen and (max-width: 479px){ \n#top #wrap_all .av-special-heading.av-6yr3e-316ee67dedf13b795af8c70b683acd90 .av-special-heading-tag{\nfont-size:0.8em;\n}\n}\n<\/style>\n<div  class='av-special-heading av-6yr3e-316ee67dedf13b795af8c70b683acd90 av-special-heading-h3 blockquote modern-quote modern-centered  avia-builder-el-15  el_after_av_one_fourth  el_before_av_hr  av-inherit-size'><h3 class='av-special-heading-tag '  itemprop=\"headline\"  >Beisitzer<\/h3><div class=\"special-heading-border\"><div class=\"special-heading-inner-border\"><\/div><\/div><\/div>\n<div  class='hr av-k9fg5pvp-12-69c29d7840df2c5e64e9d6533e1826b3 hr-default  avia-builder-el-16  el_after_av_heading  el_before_av_one_fourth '><span class='hr-inner '><span class=\"hr-inner-style\"><\/span><\/span><\/div>\n\n<style type=\"text\/css\" data-created_by=\"avia_inline_auto\" id=\"style-css-av-lwqdm-95e9cfda64165eb996e21866fdc2aee4\">\n.flex_column.av-lwqdm-95e9cfda64165eb996e21866fdc2aee4{\nborder-radius:0px 0px 0px 0px;\npadding:0px 0px 0px 0px;\n}\n<\/style>\n<div  class='flex_column av-lwqdm-95e9cfda64165eb996e21866fdc2aee4 av_one_fourth  avia-builder-el-17  el_after_av_hr  el_before_av_one_fourth  first flex_column_div av-zero-column-padding  '     ><section  class='av_textblock_section av-k9d8ydq9-5-48da3ffe57e842e60c2d7630033e8836 '   itemscope=\"itemscope\" itemtype=\"https:\/\/schema.org\/CreativeWork\" ><div class='avia_textblock'  itemprop=\"text\" ><h2><span style=\"color: #808000;\"><strong>\u00d6nder Acikg\u00f6z<\/strong><\/span><\/h2>\n<h3>Beisitzer<\/h3>\n<\/div><\/section><\/div>\n<style type=\"text\/css\" data-created_by=\"avia_inline_auto\" id=\"style-css-av-1ga16-4054f0efc8f01f9534ed31b11b5f7dc6\">\n.flex_column.av-1ga16-4054f0efc8f01f9534ed31b11b5f7dc6{\nborder-radius:0px 0px 0px 0px;\npadding:0px 0px 0px 0px;\n}\n<\/style>\n<div  class='flex_column av-1ga16-4054f0efc8f01f9534ed31b11b5f7dc6 av_one_fourth  avia-builder-el-19  el_after_av_one_fourth  el_before_av_one_fourth  flex_column_div av-zero-column-padding  '     ><section  class='av_textblock_section av-k9d8ydq9-4-3142048bd7bb80d21144ba03612753d2 '   itemscope=\"itemscope\" itemtype=\"https:\/\/schema.org\/CreativeWork\" ><div class='avia_textblock'  itemprop=\"text\" ><h2><span style=\"color: #808000;\"><strong>Dr. Seng\u00fcl \u00dcz\u00fcm-Zons<\/strong><\/span><\/h2>\n<h3>Beisitzer<\/h3>\n<\/div><\/section><\/div>\n<style type=\"text\/css\" data-created_by=\"avia_inline_auto\" id=\"style-css-av-9dq9m-bf7e9f01ea5cce22915d9fc3efab7745\">\n.flex_column.av-9dq9m-bf7e9f01ea5cce22915d9fc3efab7745{\nborder-radius:0px 0px 0px 0px;\npadding:0px 0px 0px 0px;\n}\n<\/style>\n<div  class='flex_column av-9dq9m-bf7e9f01ea5cce22915d9fc3efab7745 av_one_fourth  avia-builder-el-21  el_after_av_one_fourth  el_before_av_one_fourth  flex_column_div av-zero-column-padding  '     ><section  class='av_textblock_section av-k9d8ydq9-3-d7f8a2055c150a2a698768c06ecefe40 '   itemscope=\"itemscope\" itemtype=\"https:\/\/schema.org\/CreativeWork\" ><div class='avia_textblock'  itemprop=\"text\" ><h2><strong><span style=\"color: #808000;\">\u00dcmit Entes<\/span><br \/>\n<\/strong><\/h2>\n<h3>Beisitzer<\/h3>\n<\/div><\/section><\/div>\n<style type=\"text\/css\" data-created_by=\"avia_inline_auto\" id=\"style-css-av-9dq9m-2-5b7e0af734862a8fc7ed892a40a0de30\">\n.flex_column.av-9dq9m-2-5b7e0af734862a8fc7ed892a40a0de30{\nborder-radius:0px 0px 0px 0px;\npadding:0px 0px 0px 0px;\n}\n<\/style>\n<div  class='flex_column av-9dq9m-2-5b7e0af734862a8fc7ed892a40a0de30 av_one_fourth  avia-builder-el-23  el_after_av_one_fourth  avia-builder-el-last  flex_column_div av-zero-column-padding  '     ><section  class='av_textblock_section av-k9d8ydq9-1-c13c6dde9c91fbe75f033d4b35c5b40c '   itemscope=\"itemscope\" itemtype=\"https:\/\/schema.org\/CreativeWork\" ><div class='avia_textblock'  itemprop=\"text\" ><h2><span style=\"color: #808000;\"><strong>Sami Tunca<\/strong><\/span><\/h2>\n<h2><span style=\"color: #808000;\"><strong>Hans-Michael Zons<\/strong><\/span><\/h2>\n<h3>Kassenpr\u00fcfer<\/h3>\n<\/div><\/section><\/div><\/p>\n","protected":false},"excerpt":{"rendered":"","protected":false},"author":1,"featured_media":0,"parent":0,"menu_order":0,"comment_status":"closed","ping_status":"closed","template":"","meta":{"footnotes":""},"class_list":["post-114","page","type-page","status-publish","hentry"],"_links":{"self":[{"href":"https:\/\/awg-dinslaken.de\/start\/wp-json\/wp\/v2\/pages\/114","targetHints":{"allow":["GET"]}}],"collection":[{"href":"https:\/\/awg-dinslaken.de\/start\/wp-json\/wp\/v2\/pages"}],"about":[{"href":"https:\/\/awg-dinslaken.de\/start\/wp-json\/wp\/v2\/types\/page"}],"author":[{"embeddable":true,"href":"https:\/\/awg-dinslaken.de\/start\/wp-json\/wp\/v2\/users\/1"}],"replies":[{"embeddable":true,"href":"https:\/\/awg-dinslaken.de\/start\/wp-json\/wp\/v2\/comments?post=114"}],"version-history":[{"count":42,"href":"https:\/\/awg-dinslaken.de\/start\/wp-json\/wp\/v2\/pages\/114\/revisions"}],"predecessor-version":[{"id":1264,"href":"https:\/\/awg-dinslaken.de\/start\/wp-json\/wp\/v2\/pages\/114\/revisions\/1264"}],"wp:attachment":[{"href":"https:\/\/awg-dinslaken.de\/start\/wp-json\/wp\/v2\/media?parent=114"}],"curies":[{"name":"wp","href":"https:\/\/api.w.org\/{rel}","templated":true}]}}